igit of 858?
8
What is the hundreds digit of 1974?
9
What is the hundreds digit of 992?
9
What is the thousands digit of 3706?
3
What is the ten thousands digit of 11951?
1
What is the tens digit of 348?
4
What is the thousands digit of 9087?
9
What is the tens digit of 49854?
5
What is the ten thousands digit of 10259?
1
What is the units digit of 14323?
3
What is the thousands digit of 2292?
2
What is the thousands digit of 94507?
4
What is the hundreds digit of 543?
5
What is the units digit of 73883?
3
What is the hundreds digit of 1853?
8
What is the units digit of 30654?
4
What is the hundreds digit of 9053?
0
What is the thousands digit of 7084?
7
What is the units digit of 53293?
3
What is the units digit of 7883?
3
What is the hundreds digit of 774?
7
What is the tens digit of 659?
5
What is the tens digit of 1321?
2
What is the thousands digit of 43536?
3
What is the hundreds digit of 11267?
2
What is the tens digit of 4327?
2
What is the units digit of 3053?
3
What is the tens digit of 441?
4
What is the tens digit of 860?
6
What is the thousands digit of 1096?
1
What is the units digit of 949?
9
What is the units digit of 19?
9
What is the units digit of 2016?
6
What is the tens digit of 1517?
1
What is the thousands digit of 1888?
1
What is the units digit of 2521?
1
What is the tens digit of 26725?
2
What is the hundreds digit of 210?
2
What is the units digit of 437?
7
What is the hundreds digit of 1664?
6
What is the thousands digit of 53845?
3
What is the units digit of 43423?
3
What is the tens digit of 94?
9
What is the units digit of 12548?
8
What is the hundreds digit of 31504?
5
What is the thousands digit of 1586?
1
What is the tens digit of 212?
1
What is the tens digit of 93?
9
What is the ten thousands digit of 84368?
8
What is the units digit of 141644?
4
What is the tens digit of 1155?
5
What is the hundreds digit of 1405?
4
What is the thousands digit of 20037?
0
What is the tens digit of 19334?
3
What is the units digit of 2719?
9
What is the hundreds digit of 1593?
5
What is the thousands digit of 97267?
7
What is the thousands digit of 4897?
4
What is the hundreds digit of 6351?
3
What is the units digit of 999?
9
What is the hundreds digit of 84419?
4
What is the tens digit of 790?
9
What is the hundreds digit of 122706?
7
What is the units digit of 1837?
7
What is the tens digit of 7608?
0
What is the hundreds digit of 132?
1
What is the ten thousands digit of 13801?
1
What is the units digit of 30325?
5
What is the hundreds digit of 1107?
1
What is the units digit of 2115?
5
What is the tens digit of 4743?
4
What is the hundreds digit of 1088?
0
What is the thousands digit of 63080?
3
What is the tens digit of 6561?
6
What is the units digit of 17796?
6
What is the hundreds digit of 644?
6
What is the hundreds digit of 16098?
0
What is the tens digit of 1384?
8
What is the hundreds digit of 7828?
8
What is the hundreds digit of 5418?
4
What is the thousands digit of 1431?
1
What is the hundreds digit of 235?
2
What is the thousands digit of 4807?
4
What is the units digit of 38567?
7
What is the units digit of 4361?
1
What is the thousands digit of 1623?
1
What is the units digit of 96313?
3
What is the hundreds digit of 5215?
2
What is the hundreds digit of 6484?
4
What is the tens digit of 50234?
3
What is the units digit of 9153?
3
What is the units digit of 11091?
1
What is the tens digit of 887?
8
What is the units digit of 716?
6
What is the units digit of 33357?
7
What is the tens digit of 1503?
0
What is the tens digit of 6949?
4
What is the units digit of 1209?
9
What is the tens digit of 6138?
3
What is the tens digit of 10944?
4
What is the hundreds digit of 1024?
0
What is the hundreds digit of 3807?
8
What is the units digit of 35?
5
What is the thousands digit of 2041?
2
What is the hundreds digit of 3408?
4
What is the units digit of 4510?
0
What is the thousands digit of 55744?
5
What is the hundreds digit of 1772?
7
What is the tens digit of 1039?
3
What is the tens digit of 46822?
2
What is the units digit of 5689?
9
What is the tens digit of 59259?
5
What is the units digit of 33128?
8
What is the units digit of 223?
3
What is the units digit of 36269?
9
What is the tens digit of 1011?
1
What is the units digit of 3129?
9
What is the tens digit of 44587?
8
What is the ten thousands digit of 110691?
1
What is the thousands digit of 4838?
4
What is the ten thousands digit of 86829?
8
What is the units digit of 803?
3
What is the thousands digit of 7289?
7
What is the units digit of 56165?
5
What is the hundreds digit of 9229?
2
What is the hundreds digit of 1282?
2
What is the ten thousands digit of 91991?
9
What is the units digit of 6091?
1
What is the thousands digit of 1130?
1
What is the units digit of 747?
7
What is the ten thousands digit of 76029?
7
What is the thousands digit of 1281?
1
What is the units digit of 7989?
9
What is the units digit of 53628?
8
What is the thousands digit of 3769?
3
What is the tens digit of 3746?
4
What is the tens digit of 76853?
5
What is the units digit of 12324?
4
What is the hundreds digit of 78715?
7
What is the units digit of 52873?
3
What is the thousands digit of 15211?
5
What is the thousands digit of 1967?
1
What is the hundreds digit of 3611?
6
What is the ten thousands digit of 11856?
1
What is the units digit of 3778?
8
What is the units digit of 42355?
5
What is the ten thousands digit of 36602?
3
What is the tens digit of 2928?
2
What is the hundreds digit of 43206?
2
What is the units digit of 712?
2
What is the tens digit of 309?
0
What is the hundreds digit of 18963?
9
What is the hundreds digit of 9420?
4
What is the tens digit of 308?
0
What is the hundreds digit of 255?
2
What is the ten thousands digit of 35581?
3
What is the units digit of 36331?
1
What is the hundreds digit of 4064?
0
What is the units digit of 1578?
8
What is the thousands digit of 3009?
3
What is the hundreds digit of 9974?
9
What is the tens digit of 1451?
5
What is the ten thousands digit of 17958?
1
What is the hundreds digit of 44979?
9
What is the hundreds digit of 8448?
4
What is the tens digit of 4017?
1
What is the units digit of 221?
1
What is the units digit of 23214?
4
What is the tens digit of 6857?
5
What is the ten thousands digit of 17381?
1
What is the hundreds digit of 469?
4
What is the hundreds digit of 122944?
9
What is the hundreds digit of 1230?
2
What is the units digit of 12437?
7
What is the hundreds digit of 26170?
1
What is the ten thousands digit of 40830?
4
What is the units digit of 8016?
6
What is the thousands digit of 19664?
9
What is the hundreds digit of 2110?
1
What is the units digit of 85175?
5
What is the ten thousands digit of 117615?
1
What is the tens digit of 25149?
4
What is the ten thousands digit of 54812?
5
What is the units digit of 3963?
3
What is the units digit of 3547?
7
What is the ten thousands digit of 16987?
1
What is the hundreds digit of 6029?
0
What is the tens digit of 77873?
7
What is the thousands digit of 4283?
4
What is the ten thousands digit of 25964?
2
What is the units digit of 14801?
1
What is the tens digit of 81?
8
What is the thousands digit of 9856?
9
What is the hundreds digit of 835?
8
What is the thousands digit of 7364?
7
What is the hundreds digit of 80108?
1
What is the hundreds digit of 3682?
6
What is the hundreds digit of 2945?
9
What is the hundreds digit of 14454?
4
What is the hundreds digit of 4881?
8
What is the tens digit of 16262?
6
What is the hundreds digit of 6851?
8
What is the units digit of 63077?
7
What is the units digit of 5164?
4
What is the tens digit of 2381?
8
What is the hundreds digit of 19346?
3
What is the units digit of 42?
2
What is the thousands digit of 3392?
3
What is the tens digit of 29989?
8
What is the thousands digit of 2408?
2
What is the thousands digit of 3552?
3
What is the thousands digit of 2205?
2
What is the hundreds digit of 819?
8
What is the hundreds digit of 635?
6
What is the hundreds digit of 164222?
2
What is the units digit of 447?
7
What is the tens digit of 749?
4
What is the thousands digit of 1955?
1
What is the thousands digit of 1427?
1
What is the units digit of 16845?
5
What is the hundreds digit of 912?
9
What is the 